q.
2, 3
Suppose q - 5*i - 50 = 0, -2*q - 5*i = -i - 114. List the prime factors of q.
5, 11
Suppose 20 + 20 = 2*w. Suppose p = -3*p + w. Suppose 0 = p*z + 3*t - 11, z = 3*z - 2*t - 14. List the prime factors of z.
2
Suppose 19 = d - 46. List the prime factors of d.
5, 13
Let n be 33 + (0 + -3 - -3). Let m = n - 15. List the prime factors of m.
2, 3
Let r(i) = -4*i - 6. Let g be r(-6). Suppose -5*x = 25, x + 2 + g = 3*y. Suppose 19 = 2*f - k, 3*k + 18 = y*f - 27. List the prime factors of f.
2, 3
Suppose -5 + 3 = -4*d - t, -2 = 5*d - t. Let v = d + 2. Suppose 0 = v*f - 6*f + 40. What are the prime factors of f?
2, 5
Suppose 0 = -4*n + 26 + 18. List the prime factors of n.
11
Let w(v) be the first derivative of -v**2/2 + 5*v + 2. List the prime factors of w(-6).
11
Suppose 24 = 2*g - 16. Let w = g + -11. What are the prime factors of w?
3
Let k be 1/5 + (-27)/(-15). Suppose -2*d = 2*d - 8, -8 = -q - d. Suppose q = k*n - 4. What are the prime factors of n?
5
Suppose -26*a + 36 = -23*a. What are the prime factors of a?
2, 3
List the prime factors of (-1 - 0)/(19/(-152)).
2
Suppose -5*c = -174 - 81. List the prime factors of c.
3, 17
Let j = -32 + 93. What are the prime factors of j?
61
Suppose 0 = d + 3*d - 576. Suppose 4*k - d = k. What are the prime factors of k?
2, 3
Suppose 5*o = 20, -o = 4*a - 9*a + 1336. List the prime factors of a.
2, 67
Suppose -7*k + 4 = -6*k. Suppose 55 = -k*b + 9*b. What are the prime factors of b?
11
Suppose -4*k + 3*g = 8 - 1, 0 = -2*k + 5*g - 7. Let h(f) = f**3 + 2*f**2 + 2. Let r be h(-2). What are the prime factors of (k - -17) + (0 - r)?
2, 7
Suppose t = -45 + 274. What are the prime factors of t?
229
Let z(c) be the first derivative of -c**3/3 - 2*c**2 + c + 3. List the prime factors of z(-3).
2
Let f = -5 + 9. Suppose -4*o = f*u - 12, 3*u + 31 = 2*o + 3*o. What are the prime factors of o?
5
Suppose -3*d + 5*d = 366. List the prime factors of d.
3, 61
Let o be 2/(-8) - (-21)/(-12). Let w be (-2)/4 - (-3)/o. What are the prime factors of (10/25)/(w/(-10))?
2
What are the prime factors of 69*1/((-6)/(-14))?
7, 23
Suppose 2*u - o - 19 = 26, u = -5*o - 5. What are the prime factors of 5/u + 453/12?
2, 19
Let b(k) = -k**2 - 2. Let s be b(0). List the prime factors of 0 - s - 0 - -7.
3
Let l(n) = -n**3 - 5*n**2 - 3*n + 2. Let u be l(-3). Let o be -1 + (u*3)/(-3). Suppose m + 20 = o*m. List the prime factors of m.
2
Suppose -27 = 4*r - 5*l, 4*r - l + 15 = -0*r. Let t = 6 + r. Suppose 6 = -y - 4*c, -13 = -5*y + t*c + 3. List the prime factors of y.
2
Let n(x) = -7 + 2 - 5 - 5*x - 2. Let y(v) = 6*v + 13. Let q(z) = -5*n(z) - 4*y(z). List the prime factors of q(-6).
2
Suppose -b = -1 - 2. Let z(s) = -29 + 3*s + 29. What are the prime factors of z(b)?
3
Let y(w) = -3*w + 5 + 3 - 3. Let g be y(-7). Suppose -g = -4*k - 2*h - 0*h, k = 5*h - 10. What are the prime factors of k?
5
Let b be (2 - 1) + 1 - -36. Let u = 53 - b. List the prime factors of 18/u*(9 - -1).
2, 3
Suppose 4*q - 23 = 205. What are the prime factors of q?
3, 19
Let s = -1 + 4. Suppose w - 52 = -s*w. Suppose -3*t + w = -20. List the prime factors of t.
11
Let m = -6 - -8. Suppose -m*f + 31 = -9. List the prime factors of f.
2, 5
Let u be 21/(-2)*(-14)/(-21). Let p(c) = -c**2 - 7*c + 9. What are the prime factors of p(u)?
3
Let i = -148 + 232. Let r = i + -46. List the prime factors of r.
2, 19
Let r(m) = 0 + 1 - m**2 - 4*m**2 - 8*m - 7. Let h(j) = j**2 + j + 1. Let y(n) = 6*h(n) + r(n). List the prime factors of y(3).
3
Let m be ((-44)/6)/(2/(-6)). Let l(k) = 2*k - 10. Let i be l(9). Suppose -3*b + i + m = 0. What are the prime factors of b?
2, 5
Let b = 93 + -41. Suppose -7*o + b = -3*o. List the prime factors of o.
13
Let q(l) = -l**3 + 19*l**2 - 13*l - 11. List the prime factors of q(18).
79
Let v(u) = -u**2 + 8*u - 2. Suppose 4*j = -5*p + 3, -2*j + 5 = p - 4. Let c be v(j). Let h = c + 1. List the prime factors of h.
2, 3
Let i be (-2 - 9/(-6))*0. Suppose i = -3*a - a + 40. List the prime factors of a.
2, 5
Let w = 19 + -41. Let i = w - -56. List the prime factors of i.
2, 17
Let m = -8 - -11. Suppose -3*n + 0 = -x - 1, 0 = -4*n + 5*x - 6. Let d = m + n. What are the prime factors of d?
2
Let j be (-8)/6 + (-10)/6. What are the prime factors of ((-9)/4)/(j/8)?
2, 3
Let p be (-2)/11 + 1148/22. Suppose p = 4*k - m, 0 = -2*k + 6*k + 4*m - 52. What are the prime factors of k?
13
Let n(m) = 2*m. Let d be n(2). Suppose 6*l - 16 = d*l. Suppose -5*h = l - 83. What are the prime factors of h?
3, 5
What are the prime factors of (-84)/(-10) + (-4)/10?
2
Suppose 0 = -5*p + 5, -t - 2*p - 3*p = 1. List the prime factors of (-3)/t - 45/(-2).
23
Let u(f) be the third derivative of -f**6/120 - 7*f**5/60 - f**4/12 + 3*f**3/2 - 3*f**2. What are the prime factors of u(-7)?
23
List the prime factors of -8*(-2)/(-12)*(-72 + -3).
2, 5
Let u(c) = 5*c**2 + c + 1. What are the prime factors of u(6)?
11, 17
Let s(w) = -231*w - 9. What are the prime factors of s(-1)?
2, 3, 37
Suppose p + 5*o - 38 = 0, 2*p + p - 2*o = 46. Suppose 0 = 3*h - 9 - p. What are the prime factors of h?
3
Suppose 0 = -h - h + 12. Let p be (0 - 1)*(h + -9). Suppose p*d - 56 = -d. List the prime factors of d.
2, 7
Suppose 5*a + 0*o - 20 = -4*o, -a + 3*o + 23 = 0. Suppose 25 = 3*b - 5*h, 3*b - h - 22 = -b. Suppose -3*x + b*x = a. What are the prime factors of x?
2
Let w be ((9/3)/(-3))/1. Let k = 2 - w. Suppose 2*g + 2 = -h + k*h, h - 2*g = -4. List the prime factors of h.
2, 3
List the prime factors of (-63)/(-2) + 6/12.
2
Let j(z) = -3*z - 6. What are the prime factors of j(-5)?
3
Let x = 3 + 0. Suppose -i - 9 = i + f, f - 1 = x*i. Let b(z) = -2*z**3 + z - 2. What are the prime factors of b(i)?
2, 3
Suppose 12 = 4*k, 2*i + 2*k - 102 = -2*i. List the prime factors of i/16*2*7.
3, 7
Suppose j - 2 = 10. What are the prime factors of (-90)/j*(-3 + 1)?
3, 5
Suppose -p = p - 2*g - 14, -3*g - 23 = -4*p. Suppose -p*a - 5*w = -59, 3*a + 2*w = -2 + 74. Let o = 34 - a. What are the prime factors of o?
2, 3
Let j(l) = -2*l - 13. Let i be j(-10). Let s(r) be the second derivative of r**3/6 + 3*r**2/2 + 2*r. What are the prime factors of s(i)?
2, 5
Let l be (18/15)/(2/5). Suppose -l*f = 0, -4*f = 5*j - f - 40. What are the prime factors of j?
2
Let y(z) = 8 + 2*z - z - 5*z. What are the prime factors of y(-7)?
2, 3
Suppose 0*i + 2*i + a - 525 = 0, -259 = -i + 3*a. What are the prime factors of i?
2, 131
Let g(f) = -f + 8. Suppose 6*i = 4*i - 8. What are the prime factors of g(i)?
2, 3
Let j = 137 + -80. Suppose 10*a - j = 7*a. What are the prime factors of a?
19
Let t = -105 - -411. List the prime factors of t.
2, 3, 17
Let j = 3 + -2. Suppose -j = -2*s - x - 0, 2 = -5*s - x. List the prime factors of s - (3/(-3) + -11).
11
What are the prime factors of ((-244)/6)/((-6)/9)?
61
What are the prime factors of (-3)/2*1676/(-6)?
419
Let h = -13 - -6. Let i = h + 30. Suppose 0 = 5*a - 12 - i. List the prime factors of a.
7
Suppose 45 = 5*f - 5*u, -f = -0*u - 4*u - 9. Suppose 93 = 4*d + f. List the prime factors of d.
3, 7
Let x be (8/(-6))/(-4)*27. Let k be ((-2)/6)/(3/x). List the prime factors of 44/4 + 1/k.
2, 5
Let m = -210 + 489. What are the prime factors of m?
3, 31
Let f(l) = -l**3 - 4*l**2 + 6*l + 5. Let y be f(-5). Suppose 2*z + 4*g - 68 = y, 9 + 16 = 5*g. What are the prime factors of z?
2, 3
Let h(b) = b**3 - 6*b**2 - 11*b - 7. What are the prime factors of h(9)?
137
Let u be -1*(4 + -1) - -3. Suppose u*w + 5*w = 25. What are the prime factors of w?
5
Suppose -11*s = -727 - 659. What are the prime factors of s?
2, 3, 7
Let x = 1 + -10. Let a(b) = -b**2 - 6*b - 6. Let t(w) = 2*w**2 + 13*w + 11. Let j(v) = 5*a(v) + 3*t(v). What are the prime factors of j(x)?
3
Let v be (-3)/(2/4*-2). Suppose -5*g + 3*p = -143, -g - v*p - p + 47 = 0. List the prime factors of g.
31
Let d(m) = 6*m**2 - m + 9. What are the prime factors of d(4)?
101
Let w = 5 + -5. Suppose w = -4*s + 4*n + 188, s + 5*n - 31 = 2*n. What are the prime factors of s?
43
Let p(b) = 3*b**2 - 3*b + 2. Let k be p(6). Let l be 3/(-9) - k/(-6). Suppose t = -2*t + l. What are the prime factors of t?
5
Suppose 0*p - 15 = -5*p. Suppose 9 = -p*a, -5*d + 32 = 4*a - 56. List the prime factors of d.
2, 5
Let x be 4 - -1 - 0/(-1). Suppose x*z - 23 = 12. What are the pr